40?
False
Does 7 divide 2898147?
True
Is 34 a factor of 12407801?
False
Does 47 divide 2509889?
False
Is 392688193 a multiple of 263?
True
Does 353 divide 13031701?
True
Is 11541294 a multiple of 1523?
True
Is 82507075 a multiple of 3275?
True
Is 8 a factor of 5120768?
True
Is 32 a factor of 27778496?
True
Is 1590411362 a multiple of 11?
False
Is 65958002 a multiple of 278?
True
Does 1657 divide 5434608?
False
Is 167 a factor of 59621004?
True
Does 624 divide 27961900?
False
Is 231 a factor of 49624575?
True
Is 5 a factor of 23390435?
True
Is 3 a factor of 97073485?
False
Does 535 divide 35368201?
False
Does 621 divide 1660975680?
False
Is 728 a factor of 85013656?
True
Is 2370466994 a multiple of 172?
False
Does 227 divide 6910855?
False
Is 867 a factor of 55365753?
True
Is 241 a factor of 43715472?
True
Does 93 divide 11813126?
False
Is 308 a factor of 13773824?
False
Does 8381 divide 3188601736?
True
Does 1876 divide 1832280032?
False
Is 1598 a factor of 65476452?
True
Does 48 divide 6927522528?
True
Is 48550972 a multiple of 19?
False
Is 69749225 a multiple of 455?
True
Is 183835025 a multiple of 11?
True
Does 20 divide 14506834?
False
Is 2517 a factor of 1229964771?
True
Is 162089877 a multiple of 486?
False
Is 906716931 a multiple of 26?
False
Is 72 a factor of 193672152?
True
Is 384644778 a multiple of 528?
False
Is 40 a factor of 222986920?
True
Is 125213667 a multiple of 19?
True
Is 1222 a factor of 663128076?
True
Is 2440500 a multiple of 46?
False
Does 1625 divide 158530125?
True
Is 5 a factor of 13221893?
False
Is 10 a factor of 330051?
False
Is 2371 a factor of 625242184?
True
Is 28921770 a multiple of 15?
True
Is 24 a factor of 550741236?
False
Is 142 a factor of 252024724?
True
Is 103744362 a multiple of 461?
True
Does 34 divide 897700640?
True
Does 183 divide 688864159?
False
Does 1373 divide 215271118?
False
Does 3472 divide 75554192?
True
Is 697 a factor of 80437285?
True
Is 11 a factor of 3150766406?
False
Is 198830681 a multiple of 49?
True
Is 28810080 a multiple of 32?
True
Is 63 a factor of 44593548?
False
Does 693 divide 49204447?
False
Is 28 a factor of 239924057?
False
Is 5439120 a multiple of 14?
False
Is 9268343 a multiple of 24?
False
Is 889426331 a multiple of 137?
True
Is 163441448 a multiple of 4?
True
Does 9390 divide 767538600?
True
Is 394 a factor of 79682560?
True
Is 62376031 a multiple of 211?
True
Is 1542 a factor of 220177554?
True
Is 1087 a factor of 39143957?
True
Does 97 divide 5253546?
False
Is 352168498 a multiple of 1606?
True
Is 4352 a factor of 1638919680?
True
Does 17 divide 445891457?
False
Does 61 divide 23424?
True
Is 268445880 a multiple of 2727?
True
Does 205 divide 30929785?
True
Is 3677 a factor of 180986373?
False
Does 176 divide 509375680?
True
Is 42 a factor of 236661684?
True
Is 1291 a factor of 44545330?
False
Is 29581249 a multiple of 9?
False
Is 8 a factor of 143617920?
True
Is 29 a factor of 31114064?
False
Does 28 divide 47149238?
False
Is 2641259884 a multiple of 57?
False
Is 72404462 a multiple of 221?
True
Is 31 a factor of 57265271?
False
Is 65874200 a multiple of 223?
True
Is 36 a factor of 2141327892?
False
Does 9718 divide 308857476?
True
Does 959 divide 30301249?
False
Is 191 a factor of 159690325?
True
Is 6869954 a multiple of 377?
False
Is 285 a factor of 34851885?
False
Does 14 divide 333007682?
True
Is 15 a factor of 1017114764?
False
Is 3 a factor of 13418424?
True
Does 3965 divide 323790695?
False
Is 301 a factor of 24959539?
False
Is 1544140526 a multiple of 2117?
False
Is 342 a factor of 628125920?
False
Does 49 divide 23148075?
False
Is 27842714 a multiple of 22?
False
Is 1621 a factor of 51455803?
False
Does 17 divide 874765685?
True
Does 818 divide 17191906?
True
Is 1257 a factor of 57482610?
True
Is 3558 a factor of 825776?
False
Is 1122 a factor of 75965892?
False
Is 60754718 even?
True
Is 6 a factor of 55032?
True
Is 447 a factor of 5284982022?
True
Does 506 divide 14037958?
True
Is 323891208 a multiple of 1207?
True
Does 284 divide 48259812?
False
Is 26 a factor of 26559290?
False
Is 54 a factor of 296751276?
True
Does 3515 divide 36084990?
True
Is 82728447 a multiple of 123?
True
Does 251 divide 896257497?
True
Is 18 a factor of 86470932?
False
Does 78 divide 188510615?
False
Is 306 a factor of 16261452?
True
Does 20 divide 148865820?
True
Does 2003 divide 998869575?
False
Does 145 divide 16203586?
False
Is 101 a factor of 815921820?
False
Is 81 a factor of 53708058?
False
Is 41 a factor of 5091954?
True
Is 90277393 a multiple of 194?
False
Does 4 divide 406915584?
True
Is 230727204 a multiple of 27?
True
Is 16557621 a multiple of 652?
False
Is 2477217739 a multiple of 8?
False
Is 1008200218 a multiple of 768?
False
Is 27011940 a multiple of 15?
True
Is 65803968 a multiple of 432?
True
Is 2 a factor of 14109336?
True
Does 46 divide 19874116?
True
Is 112655796 a multiple of 487?
False
Does 3 divide 5623667?
False
Does 5 divide 286515351?
False
Is 2905 a factor of 74620?
False
Is 222020680 a multiple of 85?
True
Is 3340563065 a multiple of 7690?
False
Is 132067804 a multiple of 146?
True
Is 17 a factor of 622336275?
False
Does 25 divide 104488306?
False
Does 5 divide 1891808233?
False
Does 8 divide 544595721?
False
Does 8 divide 108593903?
False
Is 2324 a factor of 78148967?
False
Is 15 a factor of 40969781?
False
Does 3404 divide 1456255028?
True
Is 67086288 a multiple of 373?
True
Is 661451676 a multiple of 38?
False
Is 103 a factor of 422781628?
True
Is 45 a factor of 541172049?
False
Is 6 a factor of 418546631?
False
Is 72033528 a multiple of 14?
True
Is 21361890 a multiple of 165?
True
Is 914 a factor of 64437075?
False
Is 164257726 a multiple of 293?
False
Is 90376397 a multiple of 152?
False
Does 5 divide 2339280675?
True
Is 2573063269 a multiple of 333?
False
Is 127827955 a multiple of 1195?
True
Is 10 a factor of 1204516462?
False
Is 64 a factor of 1750562722?
False
Is 13 a factor of 150341081?
False
Is 164359026 a multiple of 523?
True
Is 10 a factor of 17974680?
True
Does 701 divide 1120687999?
True
Does 38 divide 45503100?
True
Is 72031356 a multiple of 324?
True
Is 17 a factor of 313391838?
True
Does 78 divide 24711385?
False
Is 16 a factor of 45415931?
False
Does 1999 divide 1018128681?
True
Is 27 a factor of 526675522?
False
Does 15 divide 148849065?
True
Does 3 divide 104822365?
False
Does 95 divide 8149290?
True
Does 3435 divide 1521038610?
True
Does 29 divide 2256760093?
False
Does 2784 divide 205180800?
True
Is 12023794 a multiple of 1606?
False
Is 1590975606 a multiple of 22?
True
Is 12228304 a multiple of 26?
False
Is 41 a factor of 136706259?
True
Does 18 divide 34765868?
False
Is 114 a factor of 9090132?
True
Does 43 divide 470219081?
False
Does 29 divide 604779665?
False
Does 391 divide 257057526?
False
Does 117 divide 9505665?
True
Is 713052116 a multiple of 1324?
True
Is 177 a factor of 11881834?
False
Is 2 a factor of 6051955?
False
Is 2149 a factor of 2347995462?
False
Is 162 a factor of 702501171?
False
Is 36 a factor of 34695454?
False
Is 1263196 a multiple of 7?
False
Is 21 a factor of 5008017?
True
Does 1093 divide 157024980?
False
Is 13 a factor of 52904501?
True
Is 1147849648 a multiple of 4444?
True
Is 14 a factor of 23660938?
True
Does 54 divide 513894002?
False
Does 2243 divide 192518933?
True
Is 29 a factor of 5839972634?
False
Does 120 divide 32381962?
False
Is 745399 a multiple of 821?
False
Does 251 divide 33999538?
False
Does 2 divide 86070750?
True
Is 51 a factor of 4555045?
False
Is 75280952 a multiple of 8?
True
Is 40 a factor of 15274760?
True
Is 244 a factor of 90680826?
False
Does 26 divide 81748264?
True
Is 13077498 a multiple of 103?
True
Is 10 a factor of 341092940?
True
Is 130 a factor of 19086091?
False
Is 21372126 a multiple of 262?
True
Is 107165182 a multiple of 468?
False
Does 1953 divide 16338872?
False
Does 75 divide 120358200?
True
Is 3766614 even?
True
Is 562 a factor of 56738425?
False
Is 2291 a factor of 186249136?
True
Is 56 a factor of 259344456?
True
Is 59319754 a multiple of 21?
False
Is 140930401 a multiple of 4?
False
Is 2807229 a multiple of 1189?
True
Is 218011382 a multiple of 10?
False
Is 88 a factor of 692433632?
True
Is 11 a factor of 168113413?
False
Is 1782 a factor of 91062889?
